hen w is divided by 21.
18
Suppose -184 = -4*j - 2*h, 0 = j - 6*h + 7*h - 47. What is the remainder when 239 is divided by j?
14
Suppose 17 = -5*d + 37. Suppose d*g - 2*j = -g + 47, 0 = -3*g + j + 28. Calculate the remainder when g is divided by 6.
3
Calculate the remainder when 13 is divided by 15/(-5)*(-1)/1.
1
Suppose -3*u = 2*u + 35. Let k(n) = n**2 + 3*n + 1. Let t(j) = -2*j + 6. Calculate the remainder when k(u) is divided by t(-5).
13
Let x(f) be the first derivative of -f**3/3 + 11*f**2/2 - 9*f + 3. Let m be x(9). Suppose m*s = 4*s + 450. What is the remainder when s is divided by 23?
21
Let n = -14 + 20. Calculate the remainder when 53 is divided by n.
5
Suppose -3*s = -b - 2, 4*s + 7*b = 2*b - 10. Suppose -a - 1 + 11 = s. What is the remainder when 17 is divided by a?
7
Let m(q) = q**3 + 13*q**2 + 26*q - 13. Suppose 3*d - z = 2*z + 60, -3*d + 5*z + 70 = 0. What is the remainder when m(-10) is divided by d?
12
Suppose 0 = 3*g - 2*r - 5 - 9, 3*g - 22 = 4*r. Suppose -6*l + g*l - 40 = 0. Let w = -1 - l. What is the remainder when 16 is divided by w?
7
Let u = 4 + -1. Calculate the remainder when 18/2 - (11 - 9) is divided by (-1)/u + 13/3.
3
Suppose 110 = z + 10*z. What is the remainder when z is divided by 1?
0
Let z = 40 - 31. Let b = 3 - -1. Suppose 0 = -q + 5*t - 21, 2*t = b*q - 3 - 3. What is the remainder when z is divided by q?
1
Calculate the remainder when 4/(9/(-6) - 41/(-22)) is divided by 5.
1
Let x = 441 - 423. Calculate the remainder when 88 is divided by x.
16
Let y be (-40)/((-1)/(4 - 2)*2). Let z = y + -32. What is the remainder when 22 is divided by z?
6
Suppose 85*m - 3362 = 888. Calculate the remainder when 1199 is divided by m.
49
Let n(w) = -6 + 18*w + 0 - 11*w + 2. What is the remainder when 45 is divided by n(4)?
21
Calculate the remainder when 2/(-7) + (-50762)/(-238) is divided by 9.
6
Suppose -3*m + 5 = 2*m, -4*r = m - 17. Suppose -290 = -5*i + t, 7*i + 2*t = 3*i + 246. Let k = 66 - i. Calculate the remainder when k is divided by r.
3
Let i = -7 - 18. Let c = i + 30. Suppose -w + c = 3*u, -u - 21 = -2*w + 17. Calculate the remainder when w is divided by 6.
5
Suppose -w + 0 = -3. Suppose 2*s - 4 = -2*d - 0, -1 = w*d - 4*s. What is the remainder when 1/(d/(-188)*-4) is divided by 24?
23
Suppose 2*p + p - 288 = 0. Suppose 4*u = -0*u + p. What is the remainder when u is divided by 4 + (-8)/(8/(-3))?
3
Let j be (-217)/77 - (-2)/(-11). Calculate the remainder when 127 + (j - -7) - 2 is divided by 22.
19
Let u be -4 + 1 + 1 + 26. Let y = 121 - u. What is the remainder when y is divided by 25?
22
Suppose -5*w = -4*w + 4*t + 58, 0 = -2*w + 3*t - 105. Let x be 11/9 + 12/w. Calculate the remainder when 53 is divided by (-32)/(-4)*x/1.
5
Let y(k) = -21*k**3 - 5 - 3*k + 4 - 5 + 5. Calculate the remainder when y(-2) is divided by 44.
41
Suppose -10 = -2*j, 100 = 5*d - 3*j + 5*j. What is the remainder when 124 is divided by d?
16
Suppose 0 = n - 10 - 9. Suppose -17*k - 6 = -n*k. Calculate the remainder when 13 is divided by k.
1
Suppose 9*t - 3*t - 12 = 0. Let i(q) = q**3 - 12*q**2 - 14*q + 16. Let b be i(13). Suppose 13 + b = t*u. What is the remainder when 39 is divided by u?
7
Let x = 17 + -9. Suppose t + 0*i - 23 = -5*i, -i = -4*t + x. Suppose -t*c + 2 = -1. What is the remainder when 2 is divided by c?
0
Let h(l) = l**2 + 15*l - 48. What is the remainder when h(14) is divided by 124?
110
Suppose -25 = -5*z, z = 2*k - 3*z - 46. Let y be 1370/15 + 8/(-6). Suppose 15*a - y = -0*a. Calculate the remainder when k is divided by a.
3
Let z(v) = -v + 78. Calculate the remainder when z(29) is divided by (-49)/(-5) + 1/5.
9
Let a(t) = -t**2 + 12*t + 26. Let n be a(14). What is the remainder when (n/(-4))/(-2*5/(-1160)) is divided by 12?
10
Suppose -155 - 2 = -3*o - p, 0 = 2*p - 2. Let z = 3 + -21. Calculate the remainder when o is divided by 2 - 1 - (1 + z).
16
What is the remainder when 2/10 - (-3 - 4156/20) is divided by 53?
52
Let j = -36 + 39. Suppose -8*s + j*s = -120. Calculate the remainder when 47 is divided by s.
23
Suppose -6882 = 3*v - 77*v. Calculate the remainder when 303 is divided by v.
24
Suppose 0 = 3*z - 4*z - 32. Let s = 40 + z. What is the remainder when 13 is divided by s?
5
Let n = 44 + 64. Let k = 175 - n. Calculate the remainder when k is divided by 17.
16
Suppose 0 = 22*c - 17*c - 410. Calculate the remainder when 13/39 + c/6 is divided by -4*(1 - (-2)/(-1)).
2
Let k = 722 + -708. Calculate the remainder when 263 is divided by k.
11
Let y = -398 - -500. What is the remainder when y is divided by 3?
0
Suppose -35*j + 1110 = -5*j. What is the remainder when 52 is divided by j?
15
Suppose 5*n - 140 = -2*d, 2*d = -3 + 13. What is the remainder when n is divided by 6?
2
What is the remainder when 0 + 3567/116*32/6 is divided by 13?
8
Let i be 6/9*207/2. Let n = i - 22. Suppose -5*p = -123 - n. Calculate the remainder when p is divided by 9.
7
Let o(x) = x**3 - x**2 + 2. Let q be (-4)/(-18) - 79/(-9). Calculate the remainder when -2*(9/(-4))/(q/6) is divided by o(0).
1
Suppose v - 5*b = 2, 0 = v + 2*v + 3*b + 48. Let a = 18 + v. Suppose j - 62 + 6 = 3*w, -a*j + 280 = 2*w. What is the remainder when j is divided by 19?
18
Suppose 3 - 12 = 3*m. Let p be (-12 - 2)*m/(-6). What is the remainder when 44 is divided by 2/p + 963/63?
14
Let c(h) = h**3 - 3*h**2 - 14*h - 2. What is the remainder when c(7) is divided by 36?
24
Suppose -2*r + 3*q - 14 = -71, 2*r - 67 = 5*q. Calculate the remainder when (328/(-24))/((-1)/3) is divided by r.
20
Suppose 5*o - 10 = 0, -5*f + 42 = 5*o - 108. What is the remainder when 188 is divided by f?
20
Let w = 60 - -11. Let c(o) = 2*o + 14. Let m(q) = -5*q - 41. Let k(l) = -8*c(l) - 3*m(l). What is the remainder when w is divided by k(-7)?
17
Let w(q) = -q**2 - 31*q + 10. What is the remainder when 138 is divided by w(-31)?
8
Let y = 264 - 259. What is the remainder when 5 is divided by y?
0
Let h be (0*2/6)/2. Suppose h = 9*p - 3*p - 18. Calculate the remainder when p is divided by 2.
1
Let k(c) = 4*c**2 + 5*c + 4. Suppose -23*l + 124 = -21*l + 5*x, -3*x = 2*l - 132. Calculate the remainder when l is divided by k(-3).
22
Let x(p) = p**3 + 8*p**2 + 6*p - 3. Let a(d) = -d**2 - 7*d + 13. Let r be a(-9). What is the remainder when x(r) is divided by 4?
2
Let t = -138 - -158. Calculate the remainder when 37 is divided by t.
17
Let q = 18 - 8. Let o = -52 + 91. What is the remainder when o is divided by q?
9
Let r be 41*5*(-5)/(-25). Suppose 0 = 40*u - r*u + 20. Calculate the remainder when -2 + 5 - 37*-2 is divided by u.
17
Let l(k) be the second derivative of -k**5/20 - k**4/12 - k**3 - 3*k**2/2 + 11*k. What is the remainder when l(-4) is divided by 9?
6
Let x(p) = -85*p. Let y be x(-1). Let r(v) = -33*v. Let c be r(1). Let i = c + y. What is the remainder when i is divided by 14?
10
Let u(l) = 6*l**2 - 6. Suppose 5*j - 11 + 1 = 0. Calculate the remainder when u(2) is divided by j*-14*(-3)/12.
4
Let p = -408 - -436. What is the remainder when 166 is divided by p?
26
Let r = -745 + 751. Calculate the remainder when 166 is divided by r.
4
Let r(o) = 1 + 6*o + 9*o - 13*o + 10*o**2 - o**3 + 0*o**3. Calculate the remainder when r(9) is divided by 52.
48
Let q(a) = 6*a**2 - 27*a - 10. Let c be q(5). Suppose 6 - 33 = -f - 5*y, c*y - 48 = -4*f. Calculate the remainder when 25 is divided by f.
4
Let t = 28 - 9. Let p = 100 + -88. Calculate the remainder when ((-10)/p*-3)/(4/88) is divided by t.
17
Let x be (-4)/(-1) - (-4 - -2). Let l(h) = h**2 - 4*h - 7. Let j be l(x). Suppose 88 + 47 = j*z. What is the remainder when z is divided by 14?
13
Let f(w) = w**2 - 11*w + 15. Let l be f(10). Suppose o + g - 10 = -0*g, l*g = 0. Let z = 15 + 13. Calculate the remainder when z is divided by o.
8
Suppose 4*c = 9*c - 550. Let m = c - 187. Let y = -17 - m. Calculate the remainder when y is divided by 21.
18
Let b = 161 + -146. What is the remainder when 24 is divided by b?
9
Let j = -10 - -10. Let y = -53 + 61. Suppose j = -5*v + y + 72. Calculate the remainder when v is divided by 6.
4
Let q(v) = 3*v**2 + 13*v - 141. What is the remainder when q(6) is divided by 0 + (0 - -2) - -1?
0
Let q(v) = -v**2 - 7*v - 7. Suppose -180 = 128*f - 138*f. What is the remainder when f is divided by q(-5)?
0
Suppose 0 = 6*v